mainder when 16024 is divided by 308?
8
What is the remainder when 950980 is divided by 35?
30
What is the remainder when 1363 is divided by 335?
23
Calculate the remainder when 878 is divided by 44.
42
Calculate the remainder when 2699 is divided by 817.
248
Calculate the remainder when 117248 is divided by 23.
17
What is the remainder when 10174 is divided by 3375?
49
Calculate the remainder when 18232 is divided by 2603.
11
Calculate the remainder when 614 is divided by 109.
69
Calculate the remainder when 89556 is divided by 22382.
28
What is the remainder when 39773 is divided by 13256?
5
What is the remainder when 130237 is divided by 16?
13
Calculate the remainder when 525 is divided by 267.
258
What is the remainder when 2401 is divided by 663?
412
Calculate the remainder when 333645 is divided by 1612.
1573
What is the remainder when 502682 is divided by 167553?
23
What is the remainder when 173529 is divided by 518?
517
Calculate the remainder when 18192 is divided by 111.
99
What is the remainder when 92359 is divided by 377?
371
What is the remainder when 46300 is divided by 22?
12
What is the remainder when 1620 is divided by 262?
48
What is the remainder when 1487724 is divided by 491?
485
What is the remainder when 10314 is divided by 99?
18
What is the remainder when 4776 is divided by 1590?
6
What is the remainder when 7460 is divided by 1468?
120
Calculate the remainder when 878 is divided by 862.
16
What is the remainder when 673 is divided by 95?
8
What is the remainder when 320293 is divided by 19?
10
Calculate the remainder when 147678 is divided by 124.
118
Calculate the remainder when 2855 is divided by 124.
3
Calculate the remainder when 1522912 is divided by 15.
7
Calculate the remainder when 6556 is divided by 3265.
26
What is the remainder when 2704 is divided by 346?
282
Calculate the remainder when 12710 is divided by 4216.
62
Calculate the remainder when 9431 is divided by 1760.
631
What is the remainder when 1454 is divided by 88?
46
Calculate the remainder when 100178 is divided by 17.
14
What is the remainder when 32824 is divided by 58?
54
What is the remainder when 227324 is divided by 75766?
26
What is the remainder when 22281 is divided by 437?
431
Calculate the remainder when 1897 is divided by 51.
10
What is the remainder when 84015 is divided by 257?
233
What is the remainder when 46964 is divided by 46936?
28
Calculate the remainder when 878 is divided by 445.
433
What is the remainder when 59233 is divided by 118?
115
What is the remainder when 63954 is divided by 261?
9
What is the remainder when 27725 is divided by 123?
50
Calculate the remainder when 40961 is divided by 8185.
36
What is the remainder when 429150 is divided by 19?
16
Calculate the remainder when 1080 is divided by 7.
2
What is the remainder when 5229 is divided by 105?
84
Calculate the remainder when 9532 is divided by 130.
42
What is the remainder when 6250 is divided by 62?
50
Calculate the remainder when 897212 is divided by 59.
58
What is the remainder when 3433 is divided by 1038?
319
Calculate the remainder when 272801 is divided by 760.
721
Calculate the remainder when 1973071 is divided by 922.
913
Calculate the remainder when 32336 is divided by 330.
326
What is the remainder when 23900 is divided by 96?
92
Calculate the remainder when 312310 is divided by 546.
544
What is the remainder when 10539 is divided by 13?
9
Calculate the remainder when 4734 is divided by 97.
78
What is the remainder when 1809 is divided by 334?
139
Calculate the remainder when 76301 is divided by 1658.
33
Calculate the remainder when 565825 is divided by 21762.
13
Calculate the remainder when 42524 is divided by 373.
2
What is the remainder when 83071 is divided by 29?
15
Calculate the remainder when 958 is divided by 104.
22
Calculate the remainder when 11505 is divided by 169.
13
What is the remainder when 1560 is divided by 194?
8
Calculate the remainder when 7124 is divided by 66.
62
Calculate the remainder when 81280 is divided by 5418.
10
Calculate the remainder when 29331 is divided by 274.
13
What is the remainder when 50838 is divided by 50790?
48
Calculate the remainder when 10401 is divided by 79.
52
What is the remainder when 118950 is divided by 366?
0
What is the remainder when 17161 is divided by 749?
683
Calculate the remainder when 25334 is divided by 2980.
1494
Calculate the remainder when 106869 is divided by 876.
873
What is the remainder when 530722 is divided by 188?
186
What is the remainder when 2552 is divided by 578?
240
What is the remainder when 11208 is divided by 5603?
2
Calculate the remainder when 6916 is divided by 532.
0
Calculate the remainder when 34834 is divided by 1270.
544
What is the remainder when 2800 is divided by 398?
14
What is the remainder when 3039 is divided by 504?
15
Calculate the remainder when 46653 is divided by 61.
49
What is the remainder when 13362 is divided by 55?
52
What is the remainder when 94487 is divided by 248?
247
Calculate the remainder when 29572 is divided by 159.
157
What is the remainder when 8632 is divided by 1434?
28
Calculate the remainder when 28748 is divided by 669.
650
Calculate the remainder when 97233 is divided by 6074.
49
What is the remainder when 12491 is divided by 208?
11
What is the remainder when 526674 is divided by 77?
71
What is the remainder when 2430 is divided by 39?
12
What is the remainder when 15660 is divided by 178?
174
What is the remainder when 3921 is divided by 1274?
99
What is the remainder when 11221 is divided by 3735?
16
Calculate the remainder when 18304 is divided by 865.
139
Calculate the remainder when 2775 is divided by 2592.
183
Calculate the remainder when 40643 is divided by 797.
793
Calculate the remainder when 6736 is divided by 447.
31
What is the remainder when 47674 is divided by 304?
250
Calculate the remainder when 353 is divided by 247.
106
What is the remainder when 41664 is divided by 13885?
9
What is the remainder when 64338 is divided by 21438?
24
What is the remainder when 23839 is divided by 25?
14
What is the remainder when 9174 is divided by 20?
14
Calculate the remainder when 4461 is divided by 636.
9
What is the remainder when 121002 is divided by 3184?
10
What is the remainder when 3259 is divided by 859?
682
Calculate the remainder when 12692 is divided by 4210.
62
Calculate the remainder when 31100 is divided by 10351.
47
Calculate the remainder when 88151 is divided by 428.
411
Calculate the remainder when 942 is divided by 157.
0
What is the remainder when 22811 is divided by 114?
11
What is the remainder when 185775 is divided by 12?
3
What is the remainder when 16600 is divided by 159?
64
Calculate the remainder when 687058 is divided by 132.
130
Calculate the remainder when 9721 is divided by 2415.
61
What is the remainder when 2546 is divided by 863?
820
What is the remainder when 964 is divided by 148?
76
What is the remainder when 17731 is divided by 8837?
57
What is the remainder when 428952 is divided by 373?
2
Calculate the remainder when 1354 is divided by 121.
23
Calculate the remainder when 11748 is divided by 157.
130
Calculate the remainder when 110055 is divided by 2445.
30
What is the remainder when 11809 is divided by 69?
10
What is the remainder when 275152 is divided by 66?
64
Calculate the remainder when 3596 is divided by 93.
62
What is the remainder when 37308 is divided by 164?
80
Calculate the remainder when 27465 is divided by 137.
65
Calculate the remainder when 15872 is divided by 42.
38
Calculate the remainder when 100251 is divided by 25056.
27
Calculate the remainder when 706 is divided by 320.
66
Calculate the remainder when 47421 is divided by 300.
21
Calculate the remainder when 303 is divided by 149.
5
What is the remainder when 65784 is divided by 17?
11
What is the remainder when 49712 is divided by 1988?
12
What is the remainder when 30415 is divided by 47?
6
Calculate the remainder when 10077 is divided by 924.
837
What is the remainder when 6277 is divided by 394?
367
Calculate the remainder when 3760795 is divided by 60.
55
Calculate the remainder when 942253 is divided by 267.
10
Calculate the remainder when 1194507 is divided by 398168.
3
What is the remainder wh